{"id":5675,"date":"2017-12-15T03:56:49","date_gmt":"2017-12-15T03:56:49","guid":{"rendered":"https:\/\/listing.downtown-directory.com\/for-apps\/product\/montblanc-star-roman-small-second-automatic\/"},"modified":"2021-09-08T12:47:30","modified_gmt":"2021-09-08T12:47:30","slug":"montblanc-star-roman-small-second-automatic","status":"publish","type":"product","link":"https:\/\/listing.downtown-directory.com\/for-apps\/product\/montblanc-star-roman-small-second-automatic\/?lang=fr","title":{"rendered":"Montblanc Star Roman Small Second Automatic"},"content":{"rendered":"<p>Lorem ipsum dolor sit amet de, consectetur adipiscing elit. La fabrication et les d\u00e9veloppeurs de fl\u00e8ches cliniques d\u00e9teste. Malheureusement, quand la peur du lion. Classe a commenc\u00e9 par torsion l&#8217;emploi de notre mariage, par himenaeos. Toutefois, des chandails, des membres dui fl\u00e8ches de football, pas de propagande nibh ou le diam\u00e8tre ferry est pas de probl\u00e8me. Vestibulum ante aliquam sed. Nunc fermentum NISL d\u00e9teste \u00e7a. Demain investir comme la nutrition sportive vulputate. Pour la photographie, mais la temp\u00e9rature. Les extr\u00e9mit\u00e9s de la dolor du Curabitur. Afin qu&#8217;il n&#8217;y avait pas pulvinar dignissim eleifend tellus. En fait, ne se plie pas, le pur. En direct et un niveau de masse.<\/p>\n","protected":false},"excerpt":{"rendered":"<p>This is a simple, virtual product. Nullam vitae condimentum dolor. Ut quis elementum metus. Nulla mollis nec justo sit amet fringilla. Maecenas pharetra felis pellentesque lorem efficitur sollicitudin.<\/p>\n","protected":false},"featured_media":5676,"comment_status":"open","ping_status":"closed","template":"","meta":[],"product_brand":[],"product_cat":[254,278,251],"product_tag":[288,286],"class_list":{"0":"post-5675","1":"product","2":"type-product","3":"status-publish","4":"has-post-thumbnail","6":"product_cat-accessories","7":"product_cat-electronic","8":"product_cat-tshirts","9":"product_tag-smart-watch","10":"product_tag-watch","12":"first","13":"instock","14":"downloadable","15":"virtual","16":"purchasable","17":"product-type-simple"},"_links":{"self":[{"href":"https:\/\/listing.downtown-directory.com\/for-apps\/wp-json\/wp\/v2\/product\/5675","targetHints":{"allow":["GET"]}}],"collection":[{"href":"https:\/\/listing.downtown-directory.com\/for-apps\/wp-json\/wp\/v2\/product"}],"about":[{"href":"https:\/\/listing.downtown-directory.com\/for-apps\/wp-json\/wp\/v2\/types\/product"}],"replies":[{"embeddable":true,"href":"https:\/\/listing.downtown-directory.com\/for-apps\/wp-json\/wp\/v2\/comments?post=5675"}],"wp:featuredmedia":[{"embeddable":true,"href":"https:\/\/listing.downtown-directory.com\/for-apps\/wp-json\/wp\/v2\/media\/5676"}],"wp:attachment":[{"href":"https:\/\/listing.downtown-directory.com\/for-apps\/wp-json\/wp\/v2\/media?parent=5675"}],"wp:term":[{"taxonomy":"product_brand","embeddable":true,"href":"https:\/\/listing.downtown-directory.com\/for-apps\/wp-json\/wp\/v2\/product_brand?post=5675"},{"taxonomy":"product_cat","embeddable":true,"href":"https:\/\/listing.downtown-directory.com\/for-apps\/wp-json\/wp\/v2\/product_cat?post=5675"},{"taxonomy":"product_tag","embeddable":true,"href":"https:\/\/listing.downtown-directory.com\/for-apps\/wp-json\/wp\/v2\/product_tag?post=5675"}],"curies":[{"name":"wp","href":"https:\/\/api.w.org\/{rel}","templated":true}]}}